r of 29 and i?
29
Suppose -649*h + 655*h = 4020. Calculate the greatest common divisor of 10 and h.
10
Let g = 118 + -98. Calculate the greatest common divisor of g and 500.
20
Suppose 33*u - 5950 = 5105. Calculate the greatest common divisor of 402 and u.
67
Suppose -233 = -x - w + 5*w, 0 = 4*x - 5*w - 965. Suppose x - 89 = 4*b. What is the highest common factor of 117 and b?
39
Let w = -578 - -614. What is the highest common divisor of w and 162?
18
Let h = -109 - -137. What is the greatest common divisor of 16 and h?
4
Let g(p) be the first derivative of p**3/3 - 11*p**2/2 + 14*p - 16. Let w be g(11). Calculate the highest common divisor of w and 4.
2
Let y(x) = 5*x**2 + 68*x - 138. Let d be y(2). Suppose -3*p + 3 + 15 = 0. What is the highest common factor of d and p?
6
Suppose -13*q - 1176 = -34*q. Suppose -3*v + v + 4 = 0. Let g be (2 + (-11)/v)*-4. What is the greatest common factor of g and q?
14
Let u be (0 + 1)*-1*-21. Let p be (26/(-3))/((-8)/12). Suppose -2*f = 3*v + 2 - p, -4*v + 8 = -4*f. What is the greatest common divisor of u and v?
3
Suppose -3*q - 8 = -2, 0 = -3*y - 5*q + 1118. Let c = -1797 - -1844. Calculate the highest common factor of y and c.
47
Suppose 14 - 9 = 5*a. Suppose -4*b + 7 = -9. Suppose -4*n = a + 7, b*s - 3*n = 38. Calculate the greatest common factor of s and 64.
8
Let t(j) = -j**3 + 6*j**2 - 12. Let w be t(4). Suppose -x + w - 11 = 0. What is the highest common factor of x and 18?
9
Let s = 10 - 21. Let q(t) = t**3 + 7*t**2 + 4*t. Let w be q(-6). Let d = w + s. What is the greatest common divisor of 11 and d?
1
Let k = 2052 - 1892. What is the highest common divisor of 2000 and k?
80
Suppose -5*u - 3*a + 753 + 157 = 0, 0 = 3*u - 2*a - 546. What is the greatest common factor of u and 26?
26
Let c(a) = a**3 + 4*a**2 - 1. Let g be c(-4). Let o be 9 + (0 + -3)/g. What is the greatest common divisor of o and 18?
6
Suppose 2*g - 5*o = 6*g - 176, -5*o - 88 = -2*g. Let z(i) = -i + 7. Let c be z(-4). Calculate the highest common divisor of c and g.
11
Suppose g + 4 = -4. Let p be (0 + -33)*g/12. Calculate the highest common divisor of p and 154.
22
Let c = 11 - 7. Suppose 3*b - 1 = c*b. Let f be 1/(b/2) - -3. Calculate the highest common factor of 9 and f.
1
Let b be 20 + 0 - (-12 - -16). Suppose -z + 4*z - 345 = 0. Let r be 4/b - z/(-4). What is the greatest common divisor of r and 116?
29
Let l(n) be the second derivative of -n**5/5 - n**4/6 - n**3/3 - n**2/2 - 8*n. Let f be l(-2). Calculate the greatest common factor of 27 and f.
27
Let g = -8 - -10. Suppose -25 = g*i + 25. Let u be (-6)/(-14) + i/(-7). What is the greatest common divisor of 24 and u?
4
Suppose 3*b - 6 = 24. Let i be (-3 + 1)/(3/198*-4). Let c = 73 - i. What is the highest common divisor of b and c?
10
Let d be (-1060)/(-12) - (-2)/(-6). Suppose -3*y = -0*g + 5*g + 18, -5*g + 4*y = 46. Let h be 6 - (2 + g + 2). What is the greatest common factor of h and d?
8
Let w(j) = -j**3 + 13*j**2 - 14*j + 26. Let v be w(12). Suppose a - 270 = -v*a. Calculate the greatest common factor of 10 and a.
10
Let b be ((-8)/3)/((-5)/180). Let i(u) = -u + 3. Let r be i(3). Suppose -5*m - 41 + 101 = r. Calculate the highest common divisor of m and b.
12
Suppose 2*i = 6 - 0. Suppose 2 = -i*j - 1, j - 80 = -3*a. What is the highest common divisor of 18 and a?
9
Let t = -35 - -38. Suppose s - x - 62 = 45, -t*s + 2*x + 319 = 0. What is the greatest common divisor of s and 35?
35
Let y = -84 - -372. Calculate the greatest common divisor of 72 and y.
72
Let h(l) = -l**3 - 20*l**2 - l + 32. Let u be h(-20). What is the highest common divisor of u and 16?
4
Let a(t) = -t**3 + t**2 - t - 1. Let o be a(-1). Let l be (-2*1)/(o/(-5)). Suppose 61*h - 1375 = 6*h. What is the greatest common divisor of h and l?
5
Let s = 83 - 47. Suppose -s = d - 3*d - 2*l, -5*d - 3*l + 94 = 0. Let j be 136 - (5 - -1 - (31 + -21)). What is the highest common factor of j and d?
20
Let c(u) = -4*u**2 - 28*u - 20. Let d be c(-6). What is the highest common divisor of d and 18?
2
Suppose 6*m = 22 + 14. What is the greatest common divisor of 138 and m?
6
Suppose -t = -f - 2*f - 17, 3*f + 19 = 2*t. What is the greatest common factor of 16 and t?
2
Let m(s) = s - 3. Let j be m(6). Suppose 0 = -j*c + 4*g + 668, c - 4*g - 128 = 100. Let p be (-5 + 1)/(3/(-15)). What is the highest common factor of p and c?
20
Suppose -3*p - 43 = -2*m, m = 2*m - 4*p - 34. Let i be -5*(-9)/(-90) + (-394)/(-4). Calculate the highest common factor of m and i.
14
Let m = -11 + 19. Suppose -1351 = -8*n - 199. Calculate the greatest common factor of n and m.
8
Suppose -193*y + 183*y = -2160. Calculate the highest common divisor of 36 and y.
36
Suppose 1 = x - 2. Calculate the greatest common factor of 1 and x.
1
Suppose -m = 5 - 8. Suppose -m*g - 144 = -9*g. Calculate the greatest common divisor of g and 6.
6
Let o(r) = 2*r + 374. Let h be o(-19). What is the highest common factor of h and 560?
112
Let r = -1179 - -1305. Calculate the greatest common factor of 112 and r.
14
Let y = 26 + -14. Let q = 14 + -10. Suppose -4*d + 184 = -q*t, 3*d - 206 = 2*t - 66. Calculate the greatest common factor of d and y.
12
Suppose -2*n - k + 391 = 2*k, -k = -2*n + 379. Let i = n - 47. What is the highest common divisor of i and 16?
16
Let z(w) = 8*w**2 + 5*w. Let t be z(-4). Suppose -4*k - 4*u + u + 123 = 0, k - 2 = 5*u. Calculate the highest common factor of t and k.
27
Let h(z) = -27*z - 114. Let q be h(-7). Calculate the highest common factor of q and 125.
25
Let g be (-8 - (0 - 6))*-16. Calculate the highest common factor of g and 6.
2
Let g(v) = -v**3 + 20*v**2 + 43*v + 47. Let j be g(22). What is the highest common divisor of 275 and j?
25
Let q = 693 + 1191. Calculate the greatest common divisor of q and 12.
12
Suppose -5*y + 3*s + 60 = 0, -4*s + 0*s + 12 = y. Suppose 1611*w - 32 = 1607*w. Calculate the greatest common divisor of y and w.
4
Let l = 0 - -7. Suppose 5 = 2*i + 3. Let n be 77/(3 + -3 + i). What is the highest common divisor of n and l?
7
Let s(b) be the first derivative of 2*b**2 + 6*b + 12. Let i be s(-5). Let n = i - -34. What is the highest common divisor of 2 and n?
2
Let j be (5/(-10))/(1 + 3/(-4)). Let c be j*2/4 - -39. What is the highest common divisor of c and 57?
19
Let t be (16 - 6)*(-2 + 220/8). Calculate the highest common factor of 45 and t.
15
Suppose 2*c - 186 - 191 = v, 2*c - 392 = 4*v. Let g = -8 + 132. Calculate the highest common factor of c and g.
62
Suppose -3*h + 12 = 0, 4*m - 6 = 3*h + 6. Let w(v) = 12*v + 12. Let y be w(m). Let c = 43 + -31. Calculate the highest common divisor of c and y.
12
Suppose -2*x = -3*c + 8*c - 27, 2*x = -c + 7. Let i be (2 + -2)/x + 10. Calculate the highest common factor of i and 70.
10
Let a(d) = -2*d + 84. Let g be a(18). Calculate the greatest common factor of 12 and g.
12
Let u(l) = -l**3 + 5*l**2 - 5*l + 1. Let b be u(2). Calculate the greatest common factor of b and 147.
3
Let m = 8 + -6. Suppose -v + m*s + 2 = 0, -2*v + 6 = 5*s - 16. What is the greatest common divisor of v and 24?
6
Suppose -a - 5*q = -2*a - 14, 4*a - 5*q - 19 = 0. Let t(p) = p**2 + 5*p + 30. Let o be t(-9). What is the highest common factor of a and o?
11
Suppose f + 4*z - z = -33, 5*f + 4*z + 176 = 0. Let u = f - -61. Calculate the highest common divisor of 125 and u.
25
Let v(n) = n**3 + 3*n**2 - 4*n. Let j be v(-3). Suppose 0 = -33*y - 12*y + 2160. Calculate the greatest common divisor of y and j.
12
Suppose -134*s = -131*s - 252. Suppose 0 = -0*k + 8*k - 192. Calculate the greatest common divisor of s and k.
12
Let l(h) = h**3 - 16*h**2 - 17*h + 1. Let o be l(17). Let s be 5 - (o - -3) - -15. What is the greatest common factor of s and 80?
16
Let p(z) = -329*z**3 + 3*z**2 + 6*z + 4. Let d be p(-1). What is the greatest common factor of 66 and d?
66
Let d = 56 - 33. Suppose -a - 8 = -d. Suppose -3*y + 39 = g, -3*y + g - a = -4*y. Calculate the highest common divisor of y and 8.
4
Suppose 0 = -2*v + 4*i + 466, -31*v + 230 = -30*v + i. What is the greatest common divisor of v and 99?
33
Let c be (16/(-10))/(2/(-5)). Suppose 7 - 19 = -c*i. Suppose 5*b + 5 = v, v + v - i*b = 10. What is the greatest common divisor of v and 45?
5
Suppose -144 = 7*o - 15*o. Let f(t) = t**2 + 198. Let d be f(0). W